{"id":641,"date":"2016-07-06T21:39:24","date_gmt":"2016-07-06T21:39:24","guid":{"rendered":"http:\/\/www.aleninacesta.cz\/?page_id=641"},"modified":"2025-06-20T08:29:07","modified_gmt":"2025-06-20T08:29:07","slug":"konstelace-vnitrnich-obrazu","status":"publish","type":"page","link":"https:\/\/www.aleninacesta.cz\/?page_id=641","title":{"rendered":"Konstelace vnit\u0159n\u00edch obraz\u016f"},"content":{"rendered":"\t\t<div data-elementor-type=\"wp-page\" data-elementor-id=\"641\" class=\"elementor elementor-641\">\n\t\t\t\t\t\t<section class=\"elementor-section elementor-top-section elementor-element elementor-element-62115d76 elementor-section-boxed elementor-section-height-default elementor-section-height-default\" data-id=\"62115d76\" data-element_type=\"section\" data-e-type=\"section\">\n\t\t\t\t\t\t<div class=\"elementor-container elementor-column-gap-default\">\n\t\t\t\t\t<div class=\"elementor-column elementor-col-100 elementor-top-column elementor-element elementor-element-41ddd84b\" data-id=\"41ddd84b\" data-element_type=\"column\" data-e-type=\"column\">\n\t\t\t<div class=\"elementor-widget-wrap elementor-element-populated\">\n\t\t\t\t\t\t<div class=\"elementor-element elementor-element-3424479 elementor-widget elementor-widget-text-editor\" data-id=\"3424479\" data-element_type=\"widget\" data-e-type=\"widget\" data-widget_type=\"text-editor.default\">\n\t\t\t\t<div class=\"elementor-widget-container\">\n\t\t\t\t\t\t\t\t\t<p style=\"text-align: justify;\">V&nbsp;dne\u0161n\u00ed dob\u011b u\u017e fenom\u00e9n \u201erodinn\u00fdch konstelac\u00ed\u201c nen\u00ed ni\u010d\u00edm nezn\u00e1m\u00fdm. P\u0159ijde mi tedy jako \u201eno\u0161en\u00ed d\u0159\u00edv\u00ed do lesa\u201c vysv\u011btlovat z\u00e1kladn\u00ed principy, nebo historii cesty konstelac\u00ed do \u010cesk\u00e9 republiky. Je pom\u011brn\u011b velk\u00fd v\u00fdb\u011br terapeut\u016f a \u00fahl\u016f pohledu jak se tato technika d\u00e1 uchopit. Je to logick\u00e9, proto\u017ee v\u0161ichni jsme origin\u00e1ln\u00ed bytosti a do sv\u00e9 pr\u00e1ce tuto originalitu otiskujeme. Potkala jsem p\u0159i pr\u00e1ci na sob\u011b p\u00e1r terapeut\u016f, kte\u0159\u00ed m\u011b oslovili a inspirovali. Nap\u0159\u00edklad Bhagat J. Zeilhofer a jeho technika Rodinn\u00e9 konstelace a pohyby du\u0161e.<\/p>\n<p style=\"text-align: justify;\">Jak u\u017e to tak v&nbsp;m\u00e9m \u017eivot\u011b je, p\u0159i\u0161la jsem k&nbsp;vlastn\u00edmu \u201estav\u011bn\u00ed\u201c konstelac\u00ed \u0159\u00edzen\u00edm b\u011bhu m\u00e9ho \u017eivota, povahy a vybaven\u00ed s&nbsp;kter\u00fdm jsem p\u0159i\u0161la na tento sv\u011bt.<\/p>\n<p style=\"text-align: justify;\">Tr\u00e1vila jsem medita\u010dn\u00ed dovolenou s&nbsp;p\u0159\u00e1teli v&nbsp;kr\u00e1sn\u00e9m prost\u0159ed\u00ed Beskyd a kamar\u00e1dka si post\u011b\u017eovala, \u017ee si nerozum\u00ed se svou fenkou, kterou nedlouho p\u0159ed dovolenou u\u017e jako dosp\u011blou z\u00edskala a j\u00e1 na t\u00e9 kr\u00e1sn\u00e9 beskydsk\u00e9 louce \u201epostavila\u201c svoji prvn\u00ed \u201ekonstelaci\u201c, pro psa :-). A tak se stalo, \u017ee jsem za\u010dala stav\u011bt Konstelace vnit\u0159n\u00edch obraz\u016f.<\/p>\n<p style=\"text-align: justify;\"><strong><u>M\u016fj pohled na to co n\u00e1m konstelace vnit\u0159n\u00edch obraz\u016f m\u016f\u017eou p\u0159in\u00e9st je:<\/u><\/strong><\/p>\n<p style=\"text-align: justify;\">kdy\u017e se narod\u00edme, instinktivn\u011b v\u00edme jak m\u00e1 tento sv\u011bt fungovat a jak\u00e1 je na\u0161e pozice v n\u011bm. M\u00e1me b\u00fdt st\u0159edobodem sv\u011bta rodi\u010d\u016f a oni jsou pro n\u00e1s v\u0161ev\u011bdouc\u00ed a v\u0161emohouc\u00ed poskytovatel\u00e9 l\u00e1sky, ob\u017eivy a bezpe\u010d\u00ed. Ale realita m\u016f\u017ee b\u00fdt jin\u00e1. Rodi\u010de m\u016f\u017eou b\u00fdt unaven\u00ed, ztracen\u00ed v&nbsp;\u017eivot\u011b nebo zmaten\u00ed vlastn\u00edmi probl\u00e9my a zran\u011bn\u00edmi. A tak na\u0161e d\u011btsk\u00e9 vn\u00edm\u00e1n\u00ed nerozum\u00ed tomu co se d\u011bje. Vytv\u00e1\u0159\u00ed obrazy o sv\u011bt\u011b, v&nbsp;kter\u00e9m \u017eijeme. Sna\u017e\u00ed se tak vytvo\u0159it m\u00edsto kde budeme um\u011bt \u017e\u00edt. Proto\u017ee v\u0161ak d\u011btsk\u00e1 mysl nem\u00e1 dost zku\u0161enost\u00ed a orienta\u010dn\u00edch bod\u016f pro \u017eit\u00ed v&nbsp;realit\u011b \u017eivota, zaplete se do iluz\u00ed, smutku, strachu nebo touhy po kontrole a dal\u0161\u00edch aspekt\u016f vyskytuj\u00edc\u00edch se v&nbsp;p\u0159\u00edpad\u011b, \u017ee ztrat\u00edme kontakt s&nbsp;realitou. V&nbsp;takov\u00e9m sv\u011bt\u011b pak \u017eijeme a je pro n\u00e1s t\u011b\u017ek\u00e9 bez pomoci n\u011bkoho mimo na\u0161i iluzi uvid\u011bt co jsme vytvo\u0159ili, prohl\u00e9dnout to a znovu se spojit s&nbsp;realitou. Dostat sv\u016fj \u017eivot do rovnov\u00e1hy.<\/p>\n<p style=\"text-align: justify;\">P\u0159i pr\u00e1ci s&nbsp;vnit\u0159n\u00edmi obrazy vyu\u017e\u00edv\u00e1m sv\u00e9 znalosti p\u0159irozen\u00e9ho proud\u011bn\u00ed vztahov\u00e9 energie, \u0161amansk\u00fdch technik, s\u00edly laskavosti a osvobozuj\u00edc\u00edho prvku pravdivosti.<\/p>\n<p style=\"text-align: center;\"><span style=\"font-family: 'book antiqua', palatino, serif;\"><b>Konstelace vnit\u0159n\u00edch obraz\u016f cena 1500,- K\u010d<\/b><\/span><\/p><p style=\"text-align: center;\"><span style=\"font-family: 'book antiqua', palatino, serif;\"><b>\u00da\u010dast bez vlastn\u00ed konstelace 1000,-K\u010d<\/b><\/span><\/p>\t\t\t\t\t\t\t\t<\/div>\n\t\t\t\t<\/div>\n\t\t\t\t\t<\/div>\n\t\t<\/div>\n\t\t\t\t\t<\/div>\n\t\t<\/section>\n\t\t\t\t<\/div>\n\t\t","protected":false},"excerpt":{"rendered":"<p>V&nbsp;dne\u0161n\u00ed dob\u011b u\u017e fenom\u00e9n \u201erodinn\u00fdch konstelac\u00ed\u201c nen\u00ed ni\u010d\u00edm nezn\u00e1m\u00fdm. P\u0159ijde mi tedy jako \u201eno\u0161en\u00ed d\u0159\u00edv\u00ed do lesa\u201c vysv\u011btlovat z\u00e1kladn\u00ed principy, nebo historii cesty konstelac\u00ed do \u010cesk\u00e9 republiky. Je pom\u011brn\u011b velk\u00fd v\u00fdb\u011br terapeut\u016f a \u00fahl\u016f pohledu jak se tato technika d\u00e1 uchopit. Je to logick\u00e9, proto\u017ee v\u0161ichni jsme origin\u00e1ln\u00ed bytosti a do sv\u00e9 pr\u00e1ce tuto originalitu otiskujeme. Potkala jsem p\u0159i pr\u00e1ci na sob\u011b p\u00e1r terapeut\u016f, kte\u0159\u00ed m\u011b oslovili a inspirovali. Nap\u0159\u00edklad Bhagat J. Zeilhofer a jeho technika Rodinn\u00e9 konstelace a pohyby du\u0161e. Jak u\u017e to tak v&nbsp;m\u00e9m \u017eivot\u011b je, p\u0159i\u0161la jsem k&nbsp;vlastn\u00edmu \u201estav\u011bn\u00ed\u201c konstelac\u00ed \u0159\u00edzen\u00edm b\u011bhu m\u00e9ho \u017eivota, povahy a vybaven\u00ed s&nbsp;kter\u00fdm jsem p\u0159i\u0161la na tento sv\u011bt. Tr\u00e1vila jsem medita\u010dn\u00ed dovolenou s&nbsp;p\u0159\u00e1teli v&nbsp;kr\u00e1sn\u00e9m prost\u0159ed\u00ed Beskyd a kamar\u00e1dka si post\u011b\u017eovala, \u017ee si nerozum\u00ed se svou fenkou, kterou nedlouho p\u0159ed dovolenou u\u017e jako dosp\u011blou z\u00edskala a j\u00e1 na t\u00e9 kr\u00e1sn\u00e9 beskydsk\u00e9 louce \u201epostavila\u201c svoji prvn\u00ed \u201ekonstelaci\u201c, pro psa :-). A tak se stalo, \u017ee jsem za\u010dala stav\u011bt Konstelace vnit\u0159n\u00edch obraz\u016f. M\u016fj pohled na to co n\u00e1m konstelace vnit\u0159n\u00edch obraz\u016f m\u016f\u017eou p\u0159in\u00e9st je: kdy\u017e se narod\u00edme, instinktivn\u011b v\u00edme jak m\u00e1 tento sv\u011bt fungovat a jak\u00e1 je na\u0161e pozice v n\u011bm. M\u00e1me b\u00fdt st\u0159edobodem sv\u011bta rodi\u010d\u016f a oni jsou pro n\u00e1s v\u0161ev\u011bdouc\u00ed a v\u0161emohouc\u00ed poskytovatel\u00e9 l\u00e1sky, ob\u017eivy a bezpe\u010d\u00ed. Ale realita m\u016f\u017ee b\u00fdt jin\u00e1. Rodi\u010de m\u016f\u017eou b\u00fdt unaven\u00ed, ztracen\u00ed v&nbsp;\u017eivot\u011b nebo zmaten\u00ed vlastn\u00edmi probl\u00e9my a zran\u011bn\u00edmi. A tak na\u0161e d\u011btsk\u00e9 vn\u00edm\u00e1n\u00ed nerozum\u00ed tomu co se d\u011bje. Vytv\u00e1\u0159\u00ed obrazy o sv\u011bt\u011b, v&nbsp;kter\u00e9m \u017eijeme. Sna\u017e\u00ed se tak vytvo\u0159it m\u00edsto kde budeme um\u011bt \u017e\u00edt. Proto\u017ee v\u0161ak d\u011btsk\u00e1 mysl nem\u00e1 dost zku\u0161enost\u00ed a orienta\u010dn\u00edch bod\u016f pro \u017eit\u00ed v&nbsp;realit\u011b \u017eivota, zaplete se do iluz\u00ed, smutku, strachu nebo touhy po kontrole a dal\u0161\u00edch aspekt\u016f vyskytuj\u00edc\u00edch se v&nbsp;p\u0159\u00edpad\u011b, \u017ee ztrat\u00edme kontakt s&nbsp;realitou. V&nbsp;takov\u00e9m sv\u011bt\u011b pak \u017eijeme a je pro n\u00e1s t\u011b\u017ek\u00e9 bez pomoci n\u011bkoho mimo na\u0161i iluzi uvid\u011bt co jsme vytvo\u0159ili, prohl\u00e9dnout to a znovu se spojit s&nbsp;realitou. Dostat sv\u016fj \u017eivot do rovnov\u00e1hy. P\u0159i pr\u00e1ci s&nbsp;vnit\u0159n\u00edmi obrazy vyu\u017e\u00edv\u00e1m sv\u00e9 znalosti p\u0159irozen\u00e9ho proud\u011bn\u00ed vztahov\u00e9 energie, \u0161amansk\u00fdch technik, s\u00edly laskavosti a osvobozuj\u00edc\u00edho prvku pravdivosti. Konstelace vnit\u0159n\u00edch obraz\u016f cena 1500,- K\u010d \u00da\u010dast bez vlastn\u00ed konstelace 1000,-K\u010d<\/p>\n","protected":false},"author":1,"featured_media":0,"parent":254,"menu_order":0,"comment_status":"closed","ping_status":"closed","template":"","meta":{"footnotes":""},"class_list":["post-641","page","type-page","status-publish","hentry"],"_links":{"self":[{"href":"https:\/\/www.aleninacesta.cz\/index.php?rest_route=\/wp\/v2\/pages\/641","targetHints":{"allow":["GET"]}}],"collection":[{"href":"https:\/\/www.aleninacesta.cz\/index.php?rest_route=\/wp\/v2\/pages"}],"about":[{"href":"https:\/\/www.aleninacesta.cz\/index.php?rest_route=\/wp\/v2\/types\/page"}],"author":[{"embeddable":true,"href":"https:\/\/www.aleninacesta.cz\/index.php?rest_route=\/wp\/v2\/users\/1"}],"replies":[{"embeddable":true,"href":"https:\/\/www.aleninacesta.cz\/index.php?rest_route=%2Fwp%2Fv2%2Fcomments&post=641"}],"version-history":[{"count":15,"href":"https:\/\/www.aleninacesta.cz\/index.php?rest_route=\/wp\/v2\/pages\/641\/revisions"}],"predecessor-version":[{"id":881,"href":"https:\/\/www.aleninacesta.cz\/index.php?rest_route=\/wp\/v2\/pages\/641\/revisions\/881"}],"up":[{"embeddable":true,"href":"https:\/\/www.aleninacesta.cz\/index.php?rest_route=\/wp\/v2\/pages\/254"}],"wp:attachment":[{"href":"https:\/\/www.aleninacesta.cz\/index.php?rest_route=%2Fwp%2Fv2%2Fmedia&parent=641"}],"curies":[{"name":"wp","href":"https:\/\/api.w.org\/{rel}","templated":true}]}}